{"id":37,"date":"2021-05-31T09:18:08","date_gmt":"2021-05-31T09:18:08","guid":{"rendered":"https:\/\/dynaconeurope.com\/sv\/?page_id=37"},"modified":"2024-07-12T19:59:34","modified_gmt":"2024-07-12T19:59:34","slug":"om-dynacon","status":"publish","type":"page","link":"https:\/\/dynaconeurope.com\/sv\/om-dynacon\/","title":{"rendered":"Om DynaCon"},"content":{"rendered":"","protected":false},"excerpt":{"rendered":"","protected":false},"author":4,"featured_media":0,"parent":0,"menu_order":0,"comment_status":"closed","ping_status":"closed","template":"","meta":{"footnotes":""},"acf":[],"yoast_head":"<!-- This site is optimized with the Yoast SEO plugin v21.4 - https:\/\/yoast.com\/wordpress\/plugins\/seo\/ -->\n<title>DynaCon Europe - Om DynaCon - Modul\u00e4ra Transportband<\/title>\n<meta name=\"description\" content=\"DynaCon Europe \u00e4r distribut\u00f6r av DynaCon Modul\u00e4ra Transportband fr\u00e5n Dynamic Conveyor Corporation p\u00e5 den europeiska marknaden.\" \/>\n<meta name=\"robots\" content=\"index, follow, max-snippet:-1, max-image-preview:large, max-video-preview:-1\" \/>\n<link rel=\"canonical\" href=\"https:\/\/dynaconeurope.com\/sv\/om-dynacon\/\" \/>\n<meta property=\"og:locale\" content=\"en_US\" \/>\n<meta property=\"og:type\" content=\"article\" \/>\n<meta property=\"og:title\" content=\"DynaCon Europe - Om DynaCon - Modul\u00e4ra Transportband\" \/>\n<meta property=\"og:description\" content=\"DynaCon Europe \u00e4r distribut\u00f6r av DynaCon Modul\u00e4ra Transportband fr\u00e5n Dynamic Conveyor Corporation p\u00e5 den europeiska marknaden.\" \/>\n<meta property=\"og:url\" content=\"https:\/\/dynaconeurope.com\/sv\/om-dynacon\/\" \/>\n<meta property=\"og:site_name\" content=\"DynaCon Europe Sweden\" \/>\n<meta property=\"article:modified_time\" content=\"2024-07-12T19:59:34+00:00\" \/>\n<meta name=\"twitter:card\" content=\"summary_large_image\" \/>\n<script type=\"application\/ld+json\" class=\"yoast-schema-graph\">{\"@context\":\"https:\/\/schema.org\",\"@graph\":[{\"@type\":\"WebPage\",\"@id\":\"https:\/\/dynaconeurope.com\/sv\/om-dynacon\/\",\"url\":\"https:\/\/dynaconeurope.com\/sv\/om-dynacon\/\",\"name\":\"DynaCon Europe - Om DynaCon - Modul\u00e4ra Transportband\",\"isPartOf\":{\"@id\":\"https:\/\/dynaconeurope.com\/sv\/#website\"},\"datePublished\":\"2021-05-31T09:18:08+00:00\",\"dateModified\":\"2024-07-12T19:59:34+00:00\",\"description\":\"DynaCon Europe \u00e4r distribut\u00f6r av DynaCon Modul\u00e4ra Transportband fr\u00e5n Dynamic Conveyor Corporation p\u00e5 den europeiska marknaden.\",\"breadcrumb\":{\"@id\":\"https:\/\/dynaconeurope.com\/sv\/om-dynacon\/#breadcrumb\"},\"inLanguage\":\"en-US\",\"potentialAction\":[{\"@type\":\"ReadAction\",\"target\":[\"https:\/\/dynaconeurope.com\/sv\/om-dynacon\/\"]}]},{\"@type\":\"BreadcrumbList\",\"@id\":\"https:\/\/dynaconeurope.com\/sv\/om-dynacon\/#breadcrumb\",\"itemListElement\":[{\"@type\":\"ListItem\",\"position\":1,\"name\":\"Home\",\"item\":\"https:\/\/dynaconeurope.com\/sv\/\"},{\"@type\":\"ListItem\",\"position\":2,\"name\":\"Om DynaCon\"}]},{\"@type\":\"WebSite\",\"@id\":\"https:\/\/dynaconeurope.com\/sv\/#website\",\"url\":\"https:\/\/dynaconeurope.com\/sv\/\",\"name\":\"DynaCon Europe Sweden\",\"description\":\"Just another DynaCon Europe Sites site\",\"publisher\":{\"@id\":\"https:\/\/dynaconeurope.com\/sv\/#organization\"},\"potentialAction\":[{\"@type\":\"SearchAction\",\"target\":{\"@type\":\"EntryPoint\",\"urlTemplate\":\"https:\/\/dynaconeurope.com\/sv\/?s={search_term_string}\"},\"query-input\":\"required name=search_term_string\"}],\"inLanguage\":\"en-US\"},{\"@type\":\"Organization\",\"@id\":\"https:\/\/dynaconeurope.com\/sv\/#organization\",\"name\":\"DynaCon Europe\",\"url\":\"https:\/\/dynaconeurope.com\/sv\/\",\"logo\":{\"@type\":\"ImageObject\",\"inLanguage\":\"en-US\",\"@id\":\"https:\/\/dynaconeurope.com\/sv\/#\/schema\/logo\/image\/\",\"url\":\"https:\/\/dynaconeurope.com\/app\/uploads\/2021\/07\/dynacon_europe_logo_pms-jpg.jpg\",\"contentUrl\":\"https:\/\/dynaconeurope.com\/app\/uploads\/2021\/07\/dynacon_europe_logo_pms-jpg.jpg\",\"width\":886,\"height\":493,\"caption\":\"DynaCon Europe\"},\"image\":{\"@id\":\"https:\/\/dynaconeurope.com\/sv\/#\/schema\/logo\/image\/\"}}]}<\/script>\n<!-- \/ Yoast SEO plugin. -->","yoast_head_json":{"title":"DynaCon Europe - Om DynaCon - Modul\u00e4ra Transportband","description":"DynaCon Europe \u00e4r distribut\u00f6r av DynaCon Modul\u00e4ra Transportband fr\u00e5n Dynamic Conveyor Corporation p\u00e5 den europeiska marknaden.","robots":{"index":"index","follow":"follow","max-snippet":"max-snippet:-1","max-image-preview":"max-image-preview:large","max-video-preview":"max-video-preview:-1"},"canonical":"https:\/\/dynaconeurope.com\/sv\/om-dynacon\/","og_locale":"en_US","og_type":"article","og_title":"DynaCon Europe - Om DynaCon - Modul\u00e4ra Transportband","og_description":"DynaCon Europe \u00e4r distribut\u00f6r av DynaCon Modul\u00e4ra Transportband fr\u00e5n Dynamic Conveyor Corporation p\u00e5 den europeiska marknaden.","og_url":"https:\/\/dynaconeurope.com\/sv\/om-dynacon\/","og_site_name":"DynaCon Europe Sweden","article_modified_time":"2024-07-12T19:59:34+00:00","twitter_card":"summary_large_image","schema":{"@context":"https:\/\/schema.org","@graph":[{"@type":"WebPage","@id":"https:\/\/dynaconeurope.com\/sv\/om-dynacon\/","url":"https:\/\/dynaconeurope.com\/sv\/om-dynacon\/","name":"DynaCon Europe - Om DynaCon - Modul\u00e4ra Transportband","isPartOf":{"@id":"https:\/\/dynaconeurope.com\/sv\/#website"},"datePublished":"2021-05-31T09:18:08+00:00","dateModified":"2024-07-12T19:59:34+00:00","description":"DynaCon Europe \u00e4r distribut\u00f6r av DynaCon Modul\u00e4ra Transportband fr\u00e5n Dynamic Conveyor Corporation p\u00e5 den europeiska marknaden.","breadcrumb":{"@id":"https:\/\/dynaconeurope.com\/sv\/om-dynacon\/#breadcrumb"},"inLanguage":"en-US","potentialAction":[{"@type":"ReadAction","target":["https:\/\/dynaconeurope.com\/sv\/om-dynacon\/"]}]},{"@type":"BreadcrumbList","@id":"https:\/\/dynaconeurope.com\/sv\/om-dynacon\/#breadcrumb","itemListElement":[{"@type":"ListItem","position":1,"name":"Home","item":"https:\/\/dynaconeurope.com\/sv\/"},{"@type":"ListItem","position":2,"name":"Om DynaCon"}]},{"@type":"WebSite","@id":"https:\/\/dynaconeurope.com\/sv\/#website","url":"https:\/\/dynaconeurope.com\/sv\/","name":"DynaCon Europe Sweden","description":"Just another DynaCon Europe Sites site","publisher":{"@id":"https:\/\/dynaconeurope.com\/sv\/#organization"},"potentialAction":[{"@type":"SearchAction","target":{"@type":"EntryPoint","urlTemplate":"https:\/\/dynaconeurope.com\/sv\/?s={search_term_string}"},"query-input":"required name=search_term_string"}],"inLanguage":"en-US"},{"@type":"Organization","@id":"https:\/\/dynaconeurope.com\/sv\/#organization","name":"DynaCon Europe","url":"https:\/\/dynaconeurope.com\/sv\/","logo":{"@type":"ImageObject","inLanguage":"en-US","@id":"https:\/\/dynaconeurope.com\/sv\/#\/schema\/logo\/image\/","url":"https:\/\/dynaconeurope.com\/app\/uploads\/2021\/07\/dynacon_europe_logo_pms-jpg.jpg","contentUrl":"https:\/\/dynaconeurope.com\/app\/uploads\/2021\/07\/dynacon_europe_logo_pms-jpg.jpg","width":886,"height":493,"caption":"DynaCon Europe"},"image":{"@id":"https:\/\/dynaconeurope.com\/sv\/#\/schema\/logo\/image\/"}}]}},"_links":{"self":[{"href":"https:\/\/dynaconeurope.com\/sv\/wp-json\/wp\/v2\/pages\/37"}],"collection":[{"href":"https:\/\/dynaconeurope.com\/sv\/wp-json\/wp\/v2\/pages"}],"about":[{"href":"https:\/\/dynaconeurope.com\/sv\/wp-json\/wp\/v2\/types\/page"}],"author":[{"embeddable":true,"href":"https:\/\/dynaconeurope.com\/sv\/wp-json\/wp\/v2\/users\/4"}],"replies":[{"embeddable":true,"href":"https:\/\/dynaconeurope.com\/sv\/wp-json\/wp\/v2\/comments?post=37"}],"version-history":[{"count":22,"href":"https:\/\/dynaconeurope.com\/sv\/wp-json\/wp\/v2\/pages\/37\/revisions"}],"predecessor-version":[{"id":287,"href":"https:\/\/dynaconeurope.com\/sv\/wp-json\/wp\/v2\/pages\/37\/revisions\/287"}],"wp:attachment":[{"href":"https:\/\/dynaconeurope.com\/sv\/wp-json\/wp\/v2\/media?parent=37"}],"curies":[{"name":"wp","href":"https:\/\/api.w.org\/{rel}","templated":true}]}}

<!-- This site is optimized with the Yoast SEO plugin v21.4 - https://yoast.com/wordpress/plugins/seo/ -->
<title>DynaCon Europe - Om DynaCon - Modulära Transportband</title>
<meta name="description" content="DynaCon Europe är distributör av DynaCon Modulära Transportband från Dynamic Conveyor Corporation på den europeiska marknaden." />
<meta name="robots" content="index, follow, max-snippet:-1, max-image-preview:large, max-video-preview:-1" />
<link rel="canonical" href="https://dynaconeurope.com/sv/om-dynacon/" />
<meta property="og:locale" content="en_US" />
<meta property="og:type" content="article" />
<meta property="og:title" content="DynaCon Europe - Om DynaCon - Modulära Transportband" />
<meta property="og:description" content="DynaCon Europe är distributör av DynaCon Modulära Transportband från Dynamic Conveyor Corporation på den europeiska marknaden." />
<meta property="og:url" content="https://dynaconeurope.com/sv/om-dynacon/" />
<meta property="og:site_name" content="DynaCon Europe Sweden" />
<meta property="article:modified_time" content="2024-07-12T19:59:34+00:00" />
<meta name="twitter:card" content="summary_large_image" />
<script type="application/ld+json" class="yoast-schema-graph">{"@context":"https://schema.org","@graph":[{"@type":"WebPage","@id":"https://dynaconeurope.com/sv/om-dynacon/","url":"https://dynaconeurope.com/sv/om-dynacon/","name":"DynaCon Europe - Om DynaCon - Modulära Transportband","isPartOf":{"@id":"https://dynaconeurope.com/sv/#website"},"datePublished":"2021-05-31T09:18:08+00:00","dateModified":"2024-07-12T19:59:34+00:00","description":"DynaCon Europe är distributör av DynaCon Modulära Transportband från Dynamic Conveyor Corporation på den europeiska marknaden.","breadcrumb":{"@id":"https://dynaconeurope.com/sv/om-dynacon/#breadcrumb"},"inLanguage":"en-US","potentialAction":[{"@type":"ReadAction","target":["https://dynaconeurope.com/sv/om-dynacon/"]}]},{"@type":"BreadcrumbList","@id":"https://dynaconeurope.com/sv/om-dynacon/#breadcrumb","itemListElement":[{"@type":"ListItem","position":1,"name":"Home","item":"https://dynaconeurope.com/sv/"},{"@type":"ListItem","position":2,"name":"Om DynaCon"}]},{"@type":"WebSite","@id":"https://dynaconeurope.com/sv/#website","url":"https://dynaconeurope.com/sv/","name":"DynaCon Europe Sweden","description":"Just another DynaCon Europe Sites site","publisher":{"@id":"https://dynaconeurope.com/sv/#organization"},"potentialAction":[{"@type":"SearchAction","target":{"@type":"EntryPoint","urlTemplate":"https://dynaconeurope.com/sv/?s={search_term_string}"},"query-input":"required name=search_term_string"}],"inLanguage":"en-US"},{"@type":"Organization","@id":"https://dynaconeurope.com/sv/#organization","name":"DynaCon Europe","url":"https://dynaconeurope.com/sv/","logo":{"@type":"ImageObject","inLanguage":"en-US","@id":"https://dynaconeurope.com/sv/#/schema/logo/image/","url":"https://dynaconeurope.com/app/uploads/2021/07/dynacon_europe_logo_pms-jpg.jpg","contentUrl":"https://dynaconeurope.com/app/uploads/2021/07/dynacon_europe_logo_pms-jpg.jpg","width":886,"height":493,"caption":"DynaCon Europe"},"image":{"@id":"https://dynaconeurope.com/sv/#/schema/logo/image/"}}]}</script>
<!-- / Yoast SEO plugin. -->

DynaCon Europe - Om DynaCon - Modulära Transportband

DynaCon Europe är distributör av DynaCon Modulära Transportband från Dynamic Conveyor Corporation på den europeiska marknaden.
